
Let r = 452 - 446. Let j(f) = f**2 - 8*f - 2. Determine j(r).
-14
Let c(l) = -5*l - 1. Let f(r) = -4*r + 12. Let b be f(2). Suppose 0 = -3*m + 6, 3*k - 8 = k - m. Suppose -4*d + 14 = -5*z, z - b = -3*d - k. Calculate c(d).
-6
Let k(w) = 4*w**2 + w + 1. Let f(x) = 10*x**2 - 2*x - 4. Let z(j) = f(j) - 2*k(j). What is z(6)?
42
Suppose 3*v + 8*m + 13 = 3*m, 0 = -v + 5*m + 9. Let g(u) = -u**3 + u**2 + 10. Let p be g(0). Let d(a) = -3*a - 1 - a + a**2 + 15*a - p*a. Determine d(v).
-1
Let x(k) = 2*k + 5. Let b(p) = 39*p - 7. Let q be b(2). Suppose -40 = 4*r - i, -4*r + 3*i = -23 + q. Give x(r).
-13
Let h = 23 + 2. Suppose 5*p + 0 = h. Let n(g) = -g. Let f(w) = -3*w + 2. Let x(t) = f(t) - 4*n(t). Give x(p).
7
Let s(d) = -d**3 - 1 - 1 + d**2 + 4*d**2. Suppose 78 = -3*h + 5*h. Suppose -8*r = -1 - h. What is s(r)?
-2
Let k(z) = z**2 + 3*z + 4. Let y = 2190 + -2192. Calculate k(y).
2
Let r = 150 + -160. Let o(m) = -m**2 - 9*m + 7. Calculate o(r).
-3
Let o(k) = 5*k**2 + 2*k + 5. Let b = 12 - 18. Let u(q) = q**2. Let m(h) = b*u(h) + o(h). Let w(c) be the first derivative of m(c). Give w(3).
-4
Suppose 7*c - 8*c = 80. Let b = -84 - c. Let n(i) = -i**3 - 4*i**2 - 3*i - 6. What is n(b)?
6
Let d(z) = -4*z - 4. Let l be d(-2). Let s = -11 + 16. Let x(b) = -3 + 6 + 1 - 2*b**2 - s*b + b**3. Give x(l).
16
Let d be (-10)/(-6)*(-17 + 8). Let m = 3 + d. Let a be 2 - (m/(-3))/(-1). Let q(y) = -y. What is q(a)?
-6
Let d(f) be the third derivative of f**6/120 - f**4/24 + f**3/6 + f**2. Let h(g) = g**2 + 22*g + 19. Let o be h(-18). Let t = -52 - o. Give d(t).
1
Let q(d) = -d**2 + 8*d - 6. Let z be -1 - -2 - 10*8/(-16). What is q(z)?
6
Let s = 1097 + -1104. Let u(c) = -c**2 - 7*c - 3. Calculate u(s).
-3
Let r be (-8)/(-10)*30/4. Let i(y) = 6 + y - r*y - 3. Let n = -17 - -19. What is i(n)?
-7
Let l(n) be the first derivative of 0*n - 1/360*n**6 - 1/60*n**5 - 4 + n**3 - 1/24*n**4 + 0*n**2. Let r(i) be the third derivative of l(i). Determine r(-3).
-4
Let c(k) be the second derivative of 3*k**3/2 + 3*k**2/2 + 6*k + 2. Determine c(-2).
-15
Let g(a) be the second derivative of -a**4/12 + 7*a**3/6 - a**2 + a. Let x be (26 + -14)/(-5 + -4 + 11). Calculate g(x).
4
Let d(j) be the third derivative of -j**5/60 + 5*j**4/24 + 2*j**3/3 + 7*j**2. Determine d(7).
-10
Let j(t) = 3*t + 143. Let i be j(0). Let m be (-1023)/i + (-4)/(-26). Let v(l) = l**3 + 7*l**2 - l - 3. What is v(m)?
4
Suppose -4*k - 4 = -0. Let s(u) = 6*u**2 + u - 15*u**2 + 4 + 7*u**2. Let a(j) = j**2 - 1. Let v(x) = k*s(x) - 3*a(x). Calculate v(-2).
-3
Let n(r) be the third derivative of -7*r**6/20 - r**5/30 - r**4/24 + 2*r**2 - 19*r. What is n(-1)?
41
Let y(r) = r**3 - 5*r**2 - r + 2. Let g be 1*(2 - 1)*2. Suppose -g*l - 24 = -6*l. Suppose -w + l - 1 = 0. Calculate y(w).
-3
Let s = -5 + -6. Let z(y) = -y - 7. Let g be z(s). Suppose 4*p - 21 = -v - g*v, -6 = -2*v - p. Let q(n) = 3*n + 1. Determine q(v).
4
Let k(y) = -27*y**2 + 1. Suppose -4*t - 15 = -t, -4*t = -3*u + 17. What is k(u)?
-26
Let a(p) = p**3 - 24*p**2 + p - 25. Let g = 109 - 85. Let f be a(g). Let k(d) be the third derivative of -d**5/30 + d**4/24 + d**3/6 - d**2. Give k(f).
-2
Let d(f) = f**2 + 16*f + 14. Suppose g + 56 = -4*i, 5*i = -5*g + 10 - 80. Calculate d(i).
-14
Let t(b) = 8*b - 4. Let s(y) = 2*y**3 - y**2 - 5*y + 6. Let i be s(-2). What is t(i)?
-36
Suppose 18 = 3*a + 5*y, 0 = -9*a + 4*a - 5*y + 20. Let n(x) = 135*x - 132*x + a - 2. What is n(1)?
2
Let b(x) = 4*x - 42. Let z be b(10). Let f be (-4)/z*((-50)/(-4))/(-5). Let g(s) = s + 12. Calculate g(f).
7
Let u = 57 - 53. Suppose -u*l + 7 + 25 = 0. Let y(r) = -r**3 + 7*r**2 + 8*r + 2. Determine y(l).
2
Suppose 340*j - 166*j = 166*j - 40. Let v(r) = -r**2 - r + 1. Let z(a) = -a**3 - 12*a**2 - 12*a - 1. Let u(s) = -6*v(s) + z(s). Give u(j).
-2
Let l(m) = -7*m**2 + 21*m - 19. Let h(s) = s**2 - s + 2. Let n(q) = -6*h(q) - l(q). Determine n(14).
-7
Let g(t) = 4*t + 3. Let c be g(-3). Suppose -84 = -6*q - q. Let v = q + c. Let b(k) = -3*k + 4. What is b(v)?
-5
Let n(v) = -2*v**2 + 4. Let s = -115 - -118. Suppose -s = 4*b - 11. What is n(b)?
-4
Let y = 213 + -208. Let a(l) = l**2 - 6*l - 3. Determine a(y).
-8
Let h(s) = 6*s**2 + 3*s + 2. Let d be (6 - (-196)/(-42))*3/(-2). What is h(d)?
20
Suppose m + 8 = 3*m. Let i be (1/3)/(m/36). Suppose 0 = -5*c + i*q - 29, 5*c - q + 6*q + 5 = 0. Let a(r) = 3*r + 4. Calculate a(c).
-8
Let j(y) = y**2. Let g = 8 - 7. Suppose g - 5 = 2*o. Let q be (-2)/o + 2*-1. What is j(q)?
1
Let w(d) = d**3 - 7*d**2 - 2*d + 3. Let i = -1253 + 1260. What is w(i)?
-11
Let b(t) = -2*t. Let v = 130 + -124. Let y be (-16)/v + (-23)/69. Calculate b(y).
6
Let b(v) = 5 + 4 - 5*v**2 + v**2 - 3*v**2 - v**3. Let r be b(-7). Let o = -12 + r. Let h(l) = -l**2 - 2*l + 2. What is h(o)?
-1
Let c(i) = -i**3 + 16*i**2 - 14*i - 13. Let u be c(15). Suppose 0 = -2*r - u*y + 6, 0 = -5*r - 6*y + 2*y + 16. Let x(l) = 0*l + 2 - 8 + 3 - r*l. What is x(-3)?
9
Suppose -110*u + 107*u - 35 = -4*g, 2*g - 35 = 5*u. Let q(z) = -z**3 - 4*z**2 + 3*z - 5. Calculate q(u).
5
Let a(o) be the first derivative of 2*o**4 + o**3/3 - o**2 + o - 3. Suppose -2*p = 2*p + 12. Let l = p + 4. What is a(l)?
8
Let v(c) = -c - 26 + 36 + 5*c. Let k be v(-6). Let s be 8/k*(-35)/(-10). Let d(i) = -2*i**3 - i**2 + 3*i + 2. Give d(s).
8
Let n(b) = -6*b - 316*b**2 + 3 + 158*b**2 + 157*b**2. Suppose -4*l = -2*m + 4 - 0, 4*m + 5*l + 44 = 0. Let g = -12 - m. What is n(g)?
3
Let o(s) = 28*s**2 - 1 - 3*s + 5*s - 10*s**2 + 4*s - 5*s. Calculate o(1).
18
Suppose 2*s + 3*m - 30 = -2*m, s + 3*m - 15 = 0. Let w(b) = -10*b + s*b + 8 - 6*b. What is w(4)?
4
Let u(y) = 3*y**3 + 4*y**3 + 0*y**3. Let v(j) = 5*j**2 - 42*j - 12. Let g be v(7). Let d = 60 + g. Give u(d).
-7
Let k(l) be the third derivative of l**6/360 + 7*l**5/120 - l**4/12 + 2*l**3 - 7*l**2. Let q(w) be the first derivative of k(w). What is q(-5)?
-12
Suppose 3*f - 4*s + 3*s = 13, 0 = -4*f + s + 17. Suppose 5*u = 3*v - 12, -3*v + 20 = 2*v + f*u. Let i(h) = -2*h + 6*h + 1 + 0*h - h**2. Determine i(v).
1
Let o = -1 + 2. Let c(q) = q + 1 - 6*q + 7*q. Give c(o).
3
Let l(t) = -2 - 26*t**2 - 5*t + 4 + 22*t**2. Determine l(-4).
-42
Let w(s) be the first derivative of 17*s**4/4 - s**3/3 + s**2/2 + 481. Determine w(1).
17
Suppose 3*l + 9 + 1 = -5*x, 0 = 5*l + 25. Let o(d) = 7*d**3 - d**2. Calculate o(x).
6
Suppose 0*x = x - 1. Let k be (-9)/((-54)/(-24)) - x*-12. Let y(g) = g**3 - 9*g**2 + 7*g + 4. Determine y(k).
-4
Let t(p) be the first derivative of 18 + 1/2*p**2 + 6*p. Suppose -2*w - 9 = 2*d + 9, -w + d = 3. What is t(w)?
0
Suppose p + 2*p + 14 = -5*o, 2*o = -5*p + 2. Let r(j) = j**2 + 1 - 1 + p + 0. Give r(0).
2
Let k(q) be the second derivative of q**5/20 - q**4/3 + q**3/2 - q**2/2 + 700*q. What is k(4)?
11
Let x(w) = -6*w - 19. Let a(j) = 11*j + 41. Let g(y) = -6*a(y) - 13*x(y). What is g(1)?
13
Let f be (-11 + 14 + -12)*2/3. Let x(z) = -z**3 - 6*z**2 + 4*z + 6. What is x(f)?
-18
Let m be (-3)/12 - 3/4. Let z(g) be the second derivative of -4*g + 1/12*g**4 + 0*g**2 + 0 + 1/6*g**3. What is z(m)?
0
Let l(p) = p**3 + p**2 + 31. Let y = -384 - -384. Calculate l(y).
31
Let q = -63 + 60. Let d(c) = c**3 + c**2 + 4*c - 6. Let a(h) = h**2 + 4*h - 5. Let z(w) = q*a(w) + 2*d(w). Suppose -10 = -4*j - 2. Give z(j).
7
Suppose -187*k - 63 = -166*k. Let g(d) = 3*d + 2*d**2 + d + 2 + d. Determine g(k).
5
Let j(d) = d**2 - 9*d + 7. Let f = 57 - 57. Suppose -n + 8 + 0 = f. What is j(n)?
-1
Let o(k) = -7*k + 7. Suppose 2*n + 2*n - j = -22, 3*j + 12 = -n. Give o(n).
49
Suppose 12 = -4*o + 28. Suppose 5*z - 6*z + o = 0. Let v(m) = 2 + 2*m - m**3 - 2*m + 5*m**2 - z*m + m. What is v(4)?
6
Let b be (-184)/(-20) + 1/(-5). Suppose 6*m = b*m - 9. Let r(x) = -x**3 + 4*x**2 + 1. Give r(m).
10
Suppose 28 = -8*c - 4. Let s(z) = -z**2 - 4*z - 2. What is s(c)?
-2
Suppose 0 = 79*s - 104*s + 675. Let t(x) = x - 32. What is t(s)?
-5
Let x(o) be the second derivative of o**3/6 + 3*o**2 + 2*o. Let l be x(-4). Let q(z) = z**l - 7 + 9 + 3*z + z**2. What is q(-2)?
4
Let z(p) = 13*p - 2. Let g(v) = -6*v + 1. Suppose -j - 3*b + 0*b = -11, 3*b - 15 = 0. Let h(c) = j*z(c) - 9*g(c). Calculate h(-3).
-7
Let h(f) = -f**2 + 2*f + 2. Let r(q) = q**2 - 8*q + 3. Let u = 10 - 2. Let z be r(u). Suppose -19 = -4*l - z. Give h(l).
-6
Let o(d) =